 108. Is v(l) prime?
False
Suppose 1633 = 2*y - 9781. Is y composite?
True
Suppose -5*d - 27090 = -4*l, -4*d - d = 10. Let b = l - 2679. Is b a composite number?
False
Let f = 50 - 48. Let x(d) = -8*d - 24 + 4*d**2 + 0*d**f + 3*d**2. Is x(13) composite?
True
Suppose 464866 + 539391 = 59*s - 624792. Is s prime?
True
Is 24305/((50/(-7))/(-10)) a prime number?
False
Let o(a) = 488*a**3 - 7*a + 26. Is o(5) a composite number?
True
Let p = 116274 + -45907. Is p prime?
False
Suppose -i + 4478 = 5*o - 0*i, 2*o - 4*i = 1778. Let r = -558 + o. Is r a prime number?
True
Let q(j) = 787*j**2 - 3*j - 3. Let u = -43 + 52. Let y be (-7)/u + 10/(-45). Is q(y) prime?
True
Let a(p) = 32309*p + 17. Let f be a(9). Let i be f/8 + (-18)/24. Suppose -2014 = -13*w + i. Is w a prime number?
False
Let m = 3140 - -8455. Suppose 0 = -2*l + p + 15, -8*p = -10*p + 6. Suppose -m = l*r - 12*r. Is r composite?
True
Is -1315276*(-8 + (-310)/(-40)) a prime number?
False
Let q = 334 + -227. Suppose q*r = 100*r + 18557. Is r prime?
False
Is 4*65343/6 + (-5 - (0 + 0)) composite?
True
Suppose 23*m - 875867 = 1745627. Is m prime?
False
Let q = -1651679 - -2570826. Is q composite?
False
Let i = 4710 - 33877. Let p = i + 48924. Is p a composite number?
True
Let r = -9 - -12. Suppose 5*q - r*s - 27 = 0, -2*q + 5*s + 4 = -3. Is 15175/4 + q/(-8) a composite number?
False
Suppose 173*p = -3*t + 168*p + 162893, -2*p = 4. Is t a prime number?
False
Suppose 3*v - 8*v = 3*a - 565, v + 738 = 4*a. Is a a composite number?
True
Let p = -125 + 129. Suppose 0 = -3*l - z - 5, -4*l + 2*z + p = 6*z. Is 4/((-5)/(-5)) - (-244 + l) composite?
False
Suppose 2*f = -4*x + 90, 0 = -2*x + 6*x - 4. Is (-2 + 39 - 0)*f a composite number?
True
Let z(n) = -2*n**2 + 9*n - 15. Let m be z(3). Is (26/(-117))/(m/11313) composite?
False
Let y be ((-12)/(-2))/(1/(-2) + 1). Suppose -y*o + 0*o = -48468. Is o a prime number?
False
Suppose -3*p + 19 = 1. Suppose 2 = 7*g - p*g. Is (3*10/(-6))/(g/(-94)) prime?
False
Let l = 106 - 115. Let m = -7 - l. Is (656 + -11)*2/12*m a prime number?
False
Suppose 4*x = -5*q + 26, -3*q - 10 = 2*q - 5*x. Suppose 2*o - 7*s + q*s - 2 = 0, s - 37 = -3*o. Suppose -3*w - 3416 = -o*w. Is w a composite number?
True
Suppose 20925 - 574551 = -18*y. Is y a composite number?
False
Let c = -67 + 71. Suppose -10 = 3*a + 5, -2498 = -2*v - c*a. Is v composite?
False
Let b be ((-4 - (-182)/(-21)) + -1)*-75. Let d be (854/(-6))/((-2)/24). Let k = d - b. Is k a prime number?
True
Let c(h) = -h**3 - 3*h**2 + 8*h + 3. Let b be c(-10). Let x = b - -1142. Let w = x + -978. Is w a composite number?
False
Let c be 6219/12 + (-3)/12. Let q be c + 0/((-1 - -2)*-1). Suppose 0 = 41*d - 43*d + q. Is d composite?
True
Let n be ((-8)/10)/((-18)/135). Let l be (5 - n)/(2/(-892)). Suppose 0 = -2*f - 0*f + l. Is f composite?
False
Let n(z) = 1357*z + 799. Is n(10) composite?
False
Let s(v) = 123*v**2 - 485*v - 75. Is s(-26) a composite number?
True
Is (-6)/20 + -5 + (-38508552)/(-240) a prime number?
False
Let h(a) = -117*a + 99. Let u be h(19). Let x = 4069 + u. Is x prime?
False
Let f be (8 - 7)*-15634*3/2. Let a = -15244 - f. Is a composite?
True
Suppose 2*q + 6254 = -7*p + 11*p, 0 = p - 2*q - 1562. Suppose -h + l = -p, -3*h - l - 4*l = -4652. Is h prime?
True
Is (-29)/((-2784)/84)*10264 composite?
True
Let f(j) = j**3 - 12*j**2 + 10*j + 16. Let z be -1*(-3)/6*22. Let p be f(z). Suppose 5*q = 5*g + 11795, q + p*g + 350 = 2697. Is q composite?
False
Let o = 391136 - 224947. Is o a composite number?
False
Let d(h) = 5899*h**2 + 311*h - 2371. Is d(8) a composite number?
False
Suppose -45*n + 36106612 = 2188447. Is n composite?
False
Let g(d) = 717*d - 1307. Let a be g(6). Let p = -6 - -13. Suppose a + 10683 = p*v. Is v composite?
True
Suppose q + 389 = 5*i, -5*i + 205 = -3*q - 1012. Let o = 775 + q. Let t = o - 74. Is t a prime number?
False
Let l = 259 + -260. Let z(v) = 7208*v**2 - 1. Is z(l) a composite number?
False
Let j(q) be the third derivative of q**6/120 - q**5/10 + 7*q**4/24 + 4*q**3/3 - 6*q**2. Let h be j(4). Suppose 796 + 856 = h*y. Is y a prime number?
False
Let v = 45252 - 31811. Is v a prime number?
True
Let w(u) = 211*u**2 + 584*u - 25. Is w(18) a composite number?
True
Suppose -10764952 = -38*l - 40*l - 10*l. Is l composite?
True
Let g(w) = w**3 - w**2 - 12*w + 4. Let n be g(4). Suppose -2*v = 2*k - 1072, v + v = -n*k + 2148. Is k a prime number?
False
Let w be (4 - 4)/(-3)*(-1)/2. Suppose w = 2*r - 16*r + 25354. Is r composite?
False
Let p(q) be the first derivative of -3*q**2/2 - 28*q - 24. Let d be p(-9). Is 4/(-18) - (44468/(-36) - d) composite?
True
Let t(u) = -2*u**3 - 8*u**2 - 5*u + 11. Let w be t(-5). Let i = 86 - w. Is (i + 7491/(-6))*-2 composite?
True
Let l(n) = -n**3 + n**2 + 28*n - 5. Let d be l(-5). Suppose 4*c - 4868 = -d*b, 2*b = 3*c + 708 - 4359. Is c composite?
False
Suppose -2*r + r + 29 = -3*b, r = 5. Let m(d) = -9*d**3 - 10*d**2 + 15*d + 15. Is m(b) prime?
True
Let y(o) = -o**3 + 4*o**2 - 4*o - 2. Let f be y(2). Is 1 - -374*(3 + f) - -4 prime?
True
Let x(v) be the third derivative of -211*v**4/8 + 13*v**3/6 + 50*v**2. Is x(-8) prime?
True
Suppose -22*b = -17*b + 20. Is b + 537*42/18 a prime number?
True
Suppose -5*j + 2*j = 0. Suppose 5*m - 15379 - 396 = j. Suppose -3*n + 4*y = -m, -2 = -0*y + y. Is n composite?
False
Suppose 4*f + z = -2738, 4*f + 4*z + 1810 + 922 = 0. Let p = 1120 + f. Suppose -14*u - p = -17*u. Is u prime?
False
Let t be 30/(-195) + 550/26. Let r = -3 - t. Is (-8)/r + (-632)/(-3) a composite number?
False
Is (265894*9/6)/(24/24) a composite number?
True
Let b(d) = -3*d + 6. Let z be b(7). Is 1*-1633*(14 + z) a composite number?
True
Suppose -3*y + 11*y + 1856 = 0. Let v = -710 - y. Let z = v + 1695. Is z a prime number?
True
Let i = -52 + 29. Let h = -77 - i. Is (h/1 + 3)*93/(-9) composite?
True
Let j be (279/2)/(5 - (-8215)/(-1640)). Let m = j + 21757. Is m a composite number?
True
Let v(t) = 3*t**3 - 7*t**2 + 5*t + 4. Let l be v(11). Let s = l - 3. Is s a composite number?
True
Suppose 118*l - 527488 = -10*l. Is l prime?
False
Suppose -4*d + 9*d = 40. Suppose -2*a + 2 = -d. Suppose 3*q + 68 = a*q. Is q a prime number?
False
Let f(k) = k**3 - 18*k**2 + 4*k - 34. Let y be f(21). Let w = 24 + y. Is w a composite number?
True
Let u(j) = -j**2 + 22*j - 69. Let f be u(18). Suppose -4020 = -f*v + 25011. Is v a composite number?
False
Suppose 22*v - 159 = 19*v - 3*o, -240 = -4*v + 3*o. Is 713385/285 - 6/v prime?
True
Let r(p) = -5*p**3 + 10*p**2 + 9*p + 11. Let y = -270 - -263. Is r(y) a prime number?
True
Let t = -61498 - -132969. Is t composite?
False
Suppose 0 = -37*r - 24*r + 1777662. Suppose u - r = -8*u. Is u a composite number?
True
Suppose 0 = 2*k + 2*k - 16. Let b = 616 + -611. Suppose 0 = b*p + 8 + 2, -k*j - 4*p + 2052 = 0. Is j prime?
False
Suppose 0 = -5*w + 5. Suppose -44*m + 24 = -46*m. Is (4/m)/(w/(-1695)) prime?
False
Suppose 5*f = 2*y - 25, -5*f = -3*y + 13 + 17. Suppose -3*a + 4*o + 9939 = 0, -5*a - 10*o + y*o + 16530 = 0. Is a prime?
False
Suppose o - 5*o + 4*l = 0, 4*o + 7 = -3*l. Let p be (0/(-2 - 3))/o. Suppose p = 5*i - 11*i + 762. Is i a prime number?
True
Let u(n) = -2182*n - 663. Is u(-23) a composite number?
False
Suppose -21*i + 4 = -22*i. Let o be (-1)/(1 + i - -4). Is (-150 + 2 + o)*-1 prime?
True
Suppose 12*l + 4*l - 160 = 0. Let w(q) = 109*q + 63. Let c be w(l). Let v = -354 + c. Is v prime?
False
Let w(i) be the third derivative of i**5/5 + i**4/8 + i**3/2 - 57*i**2. Is w(2) composite?
True
Suppose 2*m + 0*m + 5*q + 13 = 0, -5*m - 44 = q. Let n(d) = -d**3 - 6*d**2 - 13*d - 21. Let y be n(m). Suppose -y = 6*u - 2421. Is u a prime number?
True
Let j = -145844 - -380401. Is j prime?
False
Let n(c) = -186*c**3 - 6*c**2 - 5*c - 6. Let r be n(-2). Suppose s - 480 - r = -w, s = 3*w - 5848. Is w composite?
False
Let y(j) = 92*j**2 + 17*j + 200. Is y(-9) prime?
True
Suppose -5*m = -2*v + 654, -4*v + 3 = -2*m - 1321. Let p be (1/(-1))/(7 + (-87)/12). Is (v/8)/(p/8) composite?
False
Let r(v) = 6799*v - 113. Is r(9) a prime number?
False
Suppose -1703 - 1337 = 5*s. Let j be 2/(-1) + 489 + -1 + -7. Let c = j - s. Is c composite?
False
Suppose -888*m + 1075*m - 2940949 = 0. Is m a prime number?
True
Let u(m) = 4*m. Let z(t) = -1454*t - 63. Let w(